e 2*g = -4*i + 965 + k, 3*i + 833 = g. What is the tens digit of g?
1
Suppose -2*v = -k - 2*k - 132, -4*k - 2*v = 190. Let a be 1/(11/k) + 42/231. What is the hundreds digit of (a/(-4))/(-3 - (-2776)/924)?
2
Let t = -349 + 7510. What is the hundreds digit of t?
1
Let s(b) = 6*b**2 + 23*b - 8. Let y be s(-15). Let n = y - 563. What is the hundreds digit of n?
4
Let i be (913/(-2))/11*1*2. Let k = i + 93. Let u(o) = o**3 - 8*o**2 - o + 12. What is the units digit of u(k)?
2
Suppose 5*v + 3*z + 62 - 2 = 0, 5*v - 2*z = -35. What is the units digit of (-9993)/v - (16/24)/2?
0
Let h(c) = 5*c - 5. Let n be h(1). Let p(i) be the first derivative of i**3/3 - i**2/2 + 177*i - 6. What is the units digit of p(n)?
7
Suppose -3*x + 4 = 5*r, 3*r + 20 = 3*x - 16. Let d = 437 + -412. Suppose 2*h - d = -z + 61, 2*z = x. What is the units digit of h?
1
Let a = -6 - -6. Let s be a/3 + 4 - -45. What is the units digit of s + 5 + (-4)/(-1)?
8
Let k(t) = t**3 + 11*t**2 + 2*t + 7. Let w(o) = o**3 + 5*o**2 + 8*o - 4. Let a be w(-3). What is the tens digit of k(a)?
8
What is the ten thousands digit of 1*-6 - 23/(207/(-4032))*30?
1
Let b(v) = 18*v + 51. Let u be b(18). Suppose 0 = 13*t - 12*t - f - 375, 2*f - u = -t. What is the tens digit of t?
7
Let c(n) be the third derivative of -n**6/120 + 7*n**5/20 + 3*n**4/4 + 32*n**3/3 + 27*n**2. What is the hundreds digit of c(21)?
4
Let o(a) = -2*a**3 + 17*a**2 + 37*a + 88. What is the ten thousands digit of o(-17)?
1
Let g = 175 - -148. Suppose -w = -4*w + 15, 2*o + 317 = -3*w. Let r = g + o. What is the hundreds digit of r?
1
Suppose z = 4*h + 2*z - 9, 2*z = -h - 3. Suppose -5*n + 967 = 4*p, -3*n + 453 + 138 = -h*p. Suppose 2*v - 7*v = -n. What is the units digit of v?
9
What is the hundreds digit of (2 + -13045 - 2)/((-18)/36)?
0
Let r(g) = -g**2 + g - 599. Let t be r(0). Let a = 1140 + t. Let d = a - 374. What is the hundreds digit of d?
1
Let q = -24732 - -59030. What is the hundreds digit of q?
2
Suppose -8*b + 12 = -5*b. Suppose -b*q - 5*u = -1186, 7*q - 2*q - u = 1497. What is the hundreds digit of q?
2
Let u(y) be the third derivative of -y**6/120 - 11*y**5/60 - 25*y**4/24 - 5*y**3/6 + 12*y**2. Let w be u(-8). Let d = w - -86. What is the units digit of d?
9
Let r(t) = 17*t**3 + 5*t**2 - 42*t + 127. What is the thousands digit of r(11)?
2
Let k(c) = -24*c**2 + 10*c**2 + 27*c - 48 + 8*c**2 + 11*c**2. What is the tens digit of k(10)?
2
Suppose 4*p + 608 = 5*o - 55, 0 = -4*o - 2*p + 546. Suppose o = 32*c - 27*c. Suppose -2*h - c = -5*a, 5*h + 3 = a - 7. What is the units digit of a?
5
Suppose -156049 - 27296 = -40*p + 41255. What is the tens digit of p?
1
Let h = 221 + -165. Suppose -176 = -4*x - 4*l, -x + h = 17*l - 12*l. What is the units digit of x?
1
What is the hundreds digit of 17 + (-8672)/48*-45?
1
Let j(a) = -3*a - 30 + 17 - 20*a - 36. What is the hundreds digit of j(-13)?
2
Let l = -326 - -334. Suppose l*z = -25*z + 396. What is the tens digit of z?
1
Let t be 286/33*(6 - 0). Let p = -59 + t. Let a = p - -54. What is the tens digit of a?
4
Let x be 1124/(-6*(-2)/24) - 5. Suppose 1023 = 4*u + 5*p - 774, 5*u + 3*p = x. What is the units digit of u?
8
Let b(w) = w**2 - 11*w + 3. Let x be b(-8). Let j = x - 88. Let q = j + -50. What is the units digit of q?
7
Let q(l) = 3*l**2 - 29*l - 32. Let d be q(-21). Let f = d + -632. What is the thousands digit of f?
1
Let u = -3953 - -39691. What is the units digit of u?
8
Suppose 6 = 157*n - 160*n. What is the tens digit of -5316*(-6)/60 - n/5?
3
Suppose 70*w - 604984 = -53*w + 29*w. What is the thousands digit of w?
6
Let o be 9/(-3) + (-8)/(-4) + -44. Let c = 49 + o. What is the tens digit of -2*(-3 - 178/c - -3)?
8
Let l(c) = 203*c**2 + c + 2. Let g be l(-2). Let q = 1182 - g. What is the tens digit of q?
7
Let z = -26939 - -43957. What is the ten thousands digit of z?
1
Let n be ((-33)/22)/(1/(-2)*1). Suppose -n*d = -d - 646. Suppose t - 265 = -4*p, 0 = 4*p + p + 4*t - d. What is the units digit of p?
7
Suppose 2*n + 4 = 3*n. Suppose n*x - 616 = -4*l, -2*x + 3*l + 489 - 161 = 0. Suppose 3*k + x = 4*h + 25, 136 = 3*h + 5*k. What is the tens digit of h?
3
Suppose m + o - 3 = 0, 4*m - 3*o - 51 = -18. Suppose 3*x + w - m*w - 3151 = 0, 3131 = 3*x - w. What is the tens digit of x?
4
Suppose o + 15320 = 5*h - 1041, -h + 3277 = -5*o. What is the tens digit of h?
7
Let q be 361/7 - (-3)/7. Let a = 54 - q. Suppose -4*j + 0*y = y - 651, -a*j + 318 = 2*y. What is the hundreds digit of j?
1
Let g = -56 - -55. Let j be -382*g/2*2. Let a = j + -154. What is the hundreds digit of a?
2
Let f = 78 - 69. Suppose 0 = -f*x + x + 24. What is the units digit of x?
3
Suppose 3*t = -9, 0 = -4*b - 5*t - 1 - 2. Suppose -5*j - 4295 = -5*v - j, 2*v - b*j = 1718. What is the hundreds digit of v?
8
Let a(k) = -k**3 - 13*k**2 - 18*k + 30. Let x be a(-11). What is the tens digit of x/(-14) + 0 + 1*897?
9
Let x be (2 + (-20)/12)*-6 - -82. Suppose -x*p - 2572 = -82*p. What is the units digit of p?
6
Suppose 14*c + 5 = 15*c. Suppose -2*h = 3*j - 13, 2*j = c*h + 1 - 5. Suppose 4*s + 0*s = -j*n + 140, -3*n + 2*s = -128. What is the tens digit of n?
4
Suppose -4*i + 2*x = -7 - 5, -3*i - 3*x + 9 = 0. Suppose -2*t + 176 = 3*v + 2*v, -t - i*v + 90 = 0. What is the tens digit of t?
7
Let h(k) = 1318*k**2 - 3*k - 3. Let q be (-5)/15*(-15)/(-5). Let c be h(q). Suppose -178 = 4*g - c. What is the tens digit of g?
8
Let z(r) = 0 - 4 - 33*r + 128*r. Let y be 4 - -6*1/(-2). What is the tens digit of z(y)?
9
Suppose -5*z = -2*z + 5*j + 2346, z + 4*j = -782. Let u = 1117 + z. What is the hundreds digit of u?
3
Let f be (3/2)/3*12. Suppose 11*l - f*l = 1755. Suppose -d = -5*d, -l = -3*m - d. What is the tens digit of m?
1
Suppose 4*l + 2 = -5*f, 0 = 5*f + 2 + 8. Suppose 5*z - 4*o - 2892 + 139 = 0, 5*o = l*z - 1091. What is the hundreds digit of z?
5
Let o(c) = -13*c**3 + 7*c**2 + 50*c + 650. What is the hundreds digit of o(-16)?
8
Let q be (1 + -2 + 4)*1. Suppose 2 = -q*l + 11. Suppose 0 = -l*d + 162 + 342. What is the units digit of d?
8
Let z(v) = 14*v**3 - 10*v**2 + 58*v - 459. What is the units digit of z(8)?
3
Suppose 2*f + 2832 = -6*f. Let n be (-3)/12 + f/(-8). Suppose 4*r - n = -12. What is the units digit of r?
8
Let p = 33666 + -21417. What is the ten thousands digit of p?
1
Suppose 5*t = -2*u + 144, 3*u + 59 = -4*t + 177. Suppose -5*z + 177 = 4*a, -11*a = -12*a + 2*z + t. What is the units digit of a?
8
What is the tens digit of 3/(124306/(-124348) - -1)?
8
Let x(d) = -2*d**3 - 11*d**2 - 14*d + 32. What is the units digit of x(-12)?
2
Suppose 95*x = 1099056 + 669412 + 584397. What is the ten thousands digit of x?
2
Suppose -b + 1 + 2 = -4*k, -5*b + 15 = -5*k. Suppose b*h - 607 = 446. What is the tens digit of h?
5
Let y(d) be the second derivative of -d**5/20 + d**4/4 + 8*d. Let k be y(3). What is the units digit of 1 - k/((-9)/3)?
1
Let j(o) = 7*o**2 - 201*o - 9. What is the hundreds digit of j(35)?
5
Let u be 6*((-12100)/12)/11. Let s = u + 851. What is the units digit of s?
1
Suppose 0 = 15*z - 118 - 302. Suppose 26*w + 282 = z*w. Let v = w + -108. What is the tens digit of v?
3
Let d = -3 - -14. Suppose 4*b + 1841 = d*b. What is the hundreds digit of b?
2
What is the units digit of 11892*(-270)/(-81) + -14?
6
Let d(u) = 32*u**2 + 3 - 1 + 24*u + 2*u**3 + 6 + 8*u. What is the units digit of d(-14)?
4
Let f(s) = -s**3 - 10*s - 3. Suppose -10*p + 20 = -14*p. Let i be f(p). Let l = -88 + i. What is the units digit of l?
4
Let d = 89 - 74. What is the tens digit of (-5)/(d/(-12)) - -306?
1
Let j(y) = -1919*y**3 - 7*y**2 + 10*y + 29. What is the thousands digit of j(-3)?
1
Suppose 4770 = 30*b - 497310. What is the units digit of b?
6
Suppose -5*b + n + 15 = 0, -9*b + 5*b - 5*n + 41 = 0. Let s = 816 - -100. Suppose 0 = -4*z + b*w + s, 2*w - 650 = -5*z + 523. What is the tens digit of z?
3
Let n(y) = 10*y**2 + 28*y - 46. Let b be n(19). Suppose 0*u + b = 8*u. What is the hundreds digit of u?
5
Let q be 4/(-2) + 138/(-23). What is the thousands digit of 108/q*3/(-6)*172?
1
Let x(z) = 90*z**3 - 4*z**2 - 26*z + 121. What is the tens digit of x(5)?
4
Suppose 2*i = 7 - 1. Suppose 668 = 7*r - i*r. Suppose -3*s + r = 2*f, 19 = -3*f - s + 280. What is the units digit of f?
8
Let f(o) = -o**2 + 13*o + 17. Suppose 5*z 